nd 6?
6
What is the greatest common divisor of 3558540 and 2286?
762
What is the greatest common divisor of 128 and 53740?
4
What is the greatest common factor of 2016 and 3312?
144
What is the greatest common divisor of 94 and 540641?
47
What is the highest common factor of 63961 and 4843?
167
What is the greatest common factor of 3021 and 10176?
159
Calculate the greatest common divisor of 3932 and 16.
4
What is the highest common divisor of 68666 and 26?
26
Calculate the highest common factor of 3371 and 7.
1
What is the greatest common divisor of 362 and 655582?
362
What is the greatest common divisor of 868 and 10290?
14
What is the greatest common divisor of 76467 and 6177?
213
What is the highest common factor of 36301 and 31?
31
Calculate the greatest common factor of 5324 and 3652.
44
Calculate the highest common divisor of 189566 and 2392.
598
Calculate the greatest common divisor of 760418 and 456.
38
Calculate the greatest common factor of 1650 and 30930.
30
Calculate the greatest common factor of 208 and 10216.
8
What is the greatest common divisor of 452 and 76?
4
Calculate the highest common factor of 295 and 465451.
59
Calculate the greatest common factor of 87951 and 3306.
57
What is the highest common divisor of 672 and 1882384?
112
What is the greatest common divisor of 885729 and 507?
507
Calculate the greatest common divisor of 195584 and 1152.
128
What is the highest common divisor of 15531 and 1023?
93
What is the greatest common factor of 20 and 159170?
10
What is the greatest common factor of 14183452 and 1828?
1828
What is the highest common factor of 1240 and 6640?
40
What is the highest common factor of 2838 and 770646?
258
What is the highest common factor of 801 and 77074?
89
What is the greatest common factor of 60 and 32265?
15
What is the greatest common divisor of 1439 and 4963111?
1439
What is the greatest common factor of 120 and 3343800?
120
Calculate the greatest common divisor of 1032 and 39560.
344
Calculate the highest common divisor of 50784 and 5856.
96
What is the greatest common factor of 459177 and 6?
3
What is the highest common divisor of 2512 and 544?
16
Calculate the highest common divisor of 43190 and 51030.
70
Calculate the greatest common factor of 8172 and 612.
36
Calculate the greatest common divisor of 1309 and 26894.
119
Calculate the greatest common divisor of 128863 and 3731.
287
What is the greatest common divisor of 561820 and 280?
140
Calculate the highest common divisor of 7220 and 164540.
380
What is the greatest common factor of 16100 and 5?
5
What is the greatest common divisor of 2 and 1597492?
2
What is the highest common factor of 695 and 453835?
695
What is the highest common factor of 15509 and 351?
13
Calculate the greatest common divisor of 98 and 284494.
98
What is the highest common divisor of 129 and 68843?
43
What is the greatest common factor of 2954 and 16282?
14
What is the highest common factor of 1230 and 62220?
30
What is the greatest common factor of 9020530 and 30?
10
What is the highest common divisor of 717173 and 141?
47
What is the greatest common divisor of 41 and 117219?
41
What is the greatest common divisor of 40410 and 5130?
90
Calculate the highest common divisor of 41 and 1699573.
41
What is the greatest common factor of 5120 and 1320?
40
What is the highest common factor of 154 and 35354?
22
Calculate the highest common divisor of 112 and 245028.
28
What is the highest common divisor of 10034 and 9?
1
Calculate the highest common divisor of 99232 and 272.
16
Calculate the greatest common divisor of 808 and 148312.
8
What is the greatest common factor of 5900 and 475?
25
What is the highest common divisor of 25100 and 169676?
1004
Calculate the highest common divisor of 56 and 63126.
14
Calculate the highest common divisor of 21504 and 4368.
336
What is the greatest common divisor of 635315 and 488?
61
Calculate the highest common divisor of 285 and 16891.
19
What is the greatest common divisor of 30 and 30075?
15
What is the greatest common divisor of 78 and 160862?
26
Calculate the highest common factor of 2310 and 346962.
462
Calculate the highest common divisor of 9 and 231543.
9
What is the greatest common factor of 19886 and 2318?
122
What is the highest common divisor of 1823392 and 48?
16
What is the highest common divisor of 10369 and 2?
1
What is the greatest common factor of 91656 and 190152?
1368
Calculate the highest common factor of 2680 and 170.
10
What is the highest common factor of 439080 and 240?
120
Calculate the greatest common divisor of 996 and 4860.
12
What is the highest common factor of 25377 and 176?
11
Calculate the highest common divisor of 36630 and 1210.
110
What is the greatest common factor of 748735 and 1885?
65
What is the highest common factor of 36 and 125484?
12
What is the greatest common divisor of 1888 and 384?
32
Calculate the greatest common divisor of 126954 and 36.
18
What is the greatest common divisor of 257600 and 192?
64
What is the highest common factor of 539655 and 60?
15
Calculate the greatest common divisor of 111 and 373071.
111
What is the greatest common factor of 300 and 18900?
300
What is the greatest common factor of 59 and 75461?
59
Calculate the greatest common factor of 460 and 223330.
230
Calculate the highest common factor of 1007496 and 12.
12
Calculate the greatest common divisor of 42924 and 8820.
588
Calculate the highest common divisor of 630 and 60444.
18
Calculate the greatest common divisor of 90918 and 1476.
18
Calculate the greatest common factor of 435806 and 196.
98
What is the greatest common divisor of 1495 and 4600?
115
Calculate the greatest common divisor of 133857 and 46224.
963
Calculate the greatest common factor of 12 and 40956.
12
Calculate the greatest common divisor of 203 and 3430.
7
Calculate the greatest common divisor of 76456 and 3648.
152
Calculate the highest common divisor of 171 and 3314151.
171
Calculate the highest common divisor of 8424 and 58872.
24
What is the greatest common divisor of 11960 and 1365?
65
What is the greatest common factor of 462 and 231825?
33
What is the greatest common divisor of 4851 and 2863?
7
What is the highest common divisor of 6659 and 65?
1
What is the highest common factor of 74034 and 72?
18
Calculate the greatest common factor of 137 and 176730.
137
What is the highest common factor of 52 and 48628?
4
Calculate the highest common divisor of 8736 and 45066.
42
What is the highest common divisor of 239 and 83?
1
Calculate the highest common divisor of 39222 and 9.
9
What is the greatest common divisor of 131856 and 384?
48
What is the greatest common factor of 48916 and 224?
28
Calculate the greatest common factor of 2225181 and 69.
69
What is the greatest common factor of 112252 and 56?
28
What is the greatest common factor of 277 and 380321?
277
What is the highest common divisor of 44486 and 70?
2
Calculate the highest common factor of 40915 and 1715.
245
Calculate the greatest common divisor of 1139008 and 407.
37
Calculate the greatest common divisor of 74333 and 111.
37
What is the greatest common divisor of 21 and 9317?
7
Calculate the highest common divisor of 6336277 and 823.
823
Calculate the highest common factor of 142277 and 153971.
1949
What is the greatest common factor of 858 and 179894?
286
What is the highest common divisor of 168 and 165060?
84
Calculate the highest common factor of 25 and 133325.
25
What is the highest common factor of 144 and 2358198?
18
Calculate the highest common divisor of 664 and 57.
1
What is the highest common divisor of 1248 and 1188?
12
Calculate the greatest common factor of 1005352 and 8.
8
What is the highest common divisor of 9160 and 3440?
40
What is the greatest common factor of 19 and 2817?
1
Calculate the greatest common factor of 458116 and 68.
68
Calculate the highest common divisor of 1708071 and 6093.
2031
What is the greatest common divisor of 179 and 80371?
179
Calculate the greatest common divisor of 171054 and 2516.
34
Calculate the greatest common divisor of 248 and 744806.
62
Calculate the highest common divisor of 18676 and 4347.
161
Calculate the highest common factor of 512 and 864.
32
Calculate the greatest common factor of 89647 and 61097.
571
Ca